{"id":6484,"date":"2019-07-23T13:57:20","date_gmt":"2019-07-23T13:57:20","guid":{"rendered":"https:\/\/smyal.org\/?post_type=event&#038;p=1217"},"modified":"2021-06-03T11:10:40","modified_gmt":"2021-06-03T15:10:40","slug":"lawyers-for-smyal-2","status":"publish","type":"smyal_events","link":"https:\/\/smyal.org\/es\/smyal_events\/lawyers-for-smyal-2\/","title":{"rendered":"Abogados de SMYAL"},"content":{"rendered":"<p style=\"text-align: center;\">La cuarta edici\u00f3n anual de Abogados por SMYAL involucrar\u00e1 a la comunidad legal en todo el \u00e1rea de Washington, DC para conectar esta vibrante red con el esfuerzo de apoyo a los j\u00f3venes LGBTQ. El evento tambi\u00e9n recaudar\u00e1 fondos vitales en apoyo de nuestros esfuerzos para empoderar a los j\u00f3venes.<\/p>\n<p style=\"text-align: center;\"><strong>Orador invitado especial:<br \/>\n<\/strong><strong>Pete Williams<br \/>\n<\/strong><strong>Corresponsal de Justicia Nacional de NBC News<\/strong><\/p>\n<h4 style=\"text-align: center;\">\u00danase a nosotros el mi\u00e9rcoles 31 de julio de 2019 de 6:30 a 8:30 en Skadden<\/h4>","protected":false},"featured_media":0,"template":"","meta":{"_exactmetrics_skip_tracking":false,"_exactmetrics_sitenote_active":false,"_exactmetrics_sitenote_note":"","_exactmetrics_sitenote_category":0,"_links_to":"","_links_to_target":""},"class_list":["post-6484","smyal_events","type-smyal_events","status-publish","hentry","entry"],"yoast_head":"<!-- This site is optimized with the Yoast SEO plugin v27.4 - https:\/\/yoast.com\/product\/yoast-seo-wordpress\/ -->\n<title>Lawyers for SMYAL - SMYAL<\/title>\n<meta name=\"robots\" content=\"index, follow, max-snippet:-1, max-image-preview:large, max-video-preview:-1\" \/>\n<link rel=\"canonical\" href=\"https:\/\/smyal.org\/es\/smyal_events\/lawyers-for-smyal-2\/\" \/>\n<meta property=\"og:locale\" content=\"es_MX\" \/>\n<meta property=\"og:type\" content=\"article\" \/>\n<meta property=\"og:title\" content=\"Lawyers for SMYAL - SMYAL\" \/>\n<meta property=\"og:description\" content=\"The fourth annual Lawyers for SMYAL will engage the legal community throughout the Washington, DC area to connect this vibrant network to the effort supporting LGBTQ youth. The event will also raise vital funds in support of our efforts to empower young people.  Special guest speaker: Pete Williams NBC News National Justice Correspondent\" \/>\n<meta property=\"og:url\" content=\"https:\/\/smyal.org\/es\/smyal_events\/lawyers-for-smyal-2\/\" \/>\n<meta property=\"og:site_name\" content=\"SMYAL\" \/>\n<meta property=\"article:modified_time\" content=\"2021-06-03T15:10:40+00:00\" \/>\n<meta name=\"twitter:card\" content=\"summary_large_image\" \/>\n<meta name=\"twitter:label1\" content=\"Tiempo de lectura\" \/>\n\t<meta name=\"twitter:data1\" content=\"1 minuto\" \/>\n<script type=\"application\/ld+json\" class=\"yoast-schema-graph\">{\"@context\":\"https:\\\/\\\/schema.org\",\"@graph\":[{\"@type\":\"WebPage\",\"@id\":\"https:\\\/\\\/smyal.org\\\/smyal_events\\\/lawyers-for-smyal-2\\\/\",\"url\":\"https:\\\/\\\/smyal.org\\\/smyal_events\\\/lawyers-for-smyal-2\\\/\",\"name\":\"Lawyers for SMYAL - SMYAL\",\"isPartOf\":{\"@id\":\"https:\\\/\\\/smyal.org\\\/#website\"},\"datePublished\":\"2019-07-23T13:57:20+00:00\",\"dateModified\":\"2021-06-03T15:10:40+00:00\",\"breadcrumb\":{\"@id\":\"https:\\\/\\\/smyal.org\\\/smyal_events\\\/lawyers-for-smyal-2\\\/#breadcrumb\"},\"inLanguage\":\"es\",\"potentialAction\":[{\"@type\":\"ReadAction\",\"target\":[\"https:\\\/\\\/smyal.org\\\/smyal_events\\\/lawyers-for-smyal-2\\\/\"]}]},{\"@type\":\"BreadcrumbList\",\"@id\":\"https:\\\/\\\/smyal.org\\\/smyal_events\\\/lawyers-for-smyal-2\\\/#breadcrumb\",\"itemListElement\":[{\"@type\":\"ListItem\",\"position\":1,\"name\":\"Home\",\"item\":\"https:\\\/\\\/smyal.org\\\/\"},{\"@type\":\"ListItem\",\"position\":2,\"name\":\"Lawyers for SMYAL\"}]},{\"@type\":\"WebSite\",\"@id\":\"https:\\\/\\\/smyal.org\\\/#website\",\"url\":\"https:\\\/\\\/smyal.org\\\/\",\"name\":\"SMYAL\",\"description\":\"\",\"publisher\":{\"@id\":\"https:\\\/\\\/smyal.org\\\/#organization\"},\"potentialAction\":[{\"@type\":\"SearchAction\",\"target\":{\"@type\":\"EntryPoint\",\"urlTemplate\":\"https:\\\/\\\/smyal.org\\\/?s={search_term_string}\"},\"query-input\":{\"@type\":\"PropertyValueSpecification\",\"valueRequired\":true,\"valueName\":\"search_term_string\"}}],\"inLanguage\":\"es\"},{\"@type\":\"Organization\",\"@id\":\"https:\\\/\\\/smyal.org\\\/#organization\",\"name\":\"SMYAL\",\"url\":\"https:\\\/\\\/smyal.org\\\/\",\"logo\":{\"@type\":\"ImageObject\",\"inLanguage\":\"es\",\"@id\":\"https:\\\/\\\/smyal.org\\\/#\\\/schema\\\/logo\\\/image\\\/\",\"url\":\"https:\\\/\\\/smyal.org\\\/wp-content\\\/uploads\\\/2024\\\/06\\\/cropped-SMYAL-Logo-300x300-Transparent-Background.png\",\"contentUrl\":\"https:\\\/\\\/smyal.org\\\/wp-content\\\/uploads\\\/2024\\\/06\\\/cropped-SMYAL-Logo-300x300-Transparent-Background.png\",\"width\":300,\"height\":157,\"caption\":\"SMYAL\"},\"image\":{\"@id\":\"https:\\\/\\\/smyal.org\\\/#\\\/schema\\\/logo\\\/image\\\/\"}}]}<\/script>\n<!-- \/ Yoast SEO plugin. -->","yoast_head_json":{"title":"Lawyers for SMYAL - SMYAL","robots":{"index":"index","follow":"follow","max-snippet":"max-snippet:-1","max-image-preview":"max-image-preview:large","max-video-preview":"max-video-preview:-1"},"canonical":"https:\/\/smyal.org\/es\/smyal_events\/lawyers-for-smyal-2\/","og_locale":"es_MX","og_type":"article","og_title":"Lawyers for SMYAL - SMYAL","og_description":"The fourth annual Lawyers for SMYAL will engage the legal community throughout the Washington, DC area to connect this vibrant network to the effort supporting LGBTQ youth. The event will also raise vital funds in support of our efforts to empower young people.  Special guest speaker: Pete Williams NBC News National Justice Correspondent","og_url":"https:\/\/smyal.org\/es\/smyal_events\/lawyers-for-smyal-2\/","og_site_name":"SMYAL","article_modified_time":"2021-06-03T15:10:40+00:00","twitter_card":"summary_large_image","twitter_misc":{"Tiempo de lectura":"1 minuto"},"schema":{"@context":"https:\/\/schema.org","@graph":[{"@type":"WebPage","@id":"https:\/\/smyal.org\/smyal_events\/lawyers-for-smyal-2\/","url":"https:\/\/smyal.org\/smyal_events\/lawyers-for-smyal-2\/","name":"Lawyers for SMYAL - SMYAL","isPartOf":{"@id":"https:\/\/smyal.org\/#website"},"datePublished":"2019-07-23T13:57:20+00:00","dateModified":"2021-06-03T15:10:40+00:00","breadcrumb":{"@id":"https:\/\/smyal.org\/smyal_events\/lawyers-for-smyal-2\/#breadcrumb"},"inLanguage":"es","potentialAction":[{"@type":"ReadAction","target":["https:\/\/smyal.org\/smyal_events\/lawyers-for-smyal-2\/"]}]},{"@type":"BreadcrumbList","@id":"https:\/\/smyal.org\/smyal_events\/lawyers-for-smyal-2\/#breadcrumb","itemListElement":[{"@type":"ListItem","position":1,"name":"Home","item":"https:\/\/smyal.org\/"},{"@type":"ListItem","position":2,"name":"Lawyers for SMYAL"}]},{"@type":"WebSite","@id":"https:\/\/smyal.org\/#website","url":"https:\/\/smyal.org\/","name":"SMYAL","description":"","publisher":{"@id":"https:\/\/smyal.org\/#organization"},"potentialAction":[{"@type":"SearchAction","target":{"@type":"EntryPoint","urlTemplate":"https:\/\/smyal.org\/?s={search_term_string}"},"query-input":{"@type":"PropertyValueSpecification","valueRequired":true,"valueName":"search_term_string"}}],"inLanguage":"es"},{"@type":"Organization","@id":"https:\/\/smyal.org\/#organization","name":"SMYAL","url":"https:\/\/smyal.org\/","logo":{"@type":"ImageObject","inLanguage":"es","@id":"https:\/\/smyal.org\/#\/schema\/logo\/image\/","url":"https:\/\/smyal.org\/wp-content\/uploads\/2024\/06\/cropped-SMYAL-Logo-300x300-Transparent-Background.png","contentUrl":"https:\/\/smyal.org\/wp-content\/uploads\/2024\/06\/cropped-SMYAL-Logo-300x300-Transparent-Background.png","width":300,"height":157,"caption":"SMYAL"},"image":{"@id":"https:\/\/smyal.org\/#\/schema\/logo\/image\/"}}]}},"_links":{"self":[{"href":"https:\/\/smyal.org\/es\/wp-json\/wp\/v2\/smyal_events\/6484","targetHints":{"allow":["GET"]}}],"collection":[{"href":"https:\/\/smyal.org\/es\/wp-json\/wp\/v2\/smyal_events"}],"about":[{"href":"https:\/\/smyal.org\/es\/wp-json\/wp\/v2\/types\/smyal_events"}],"wp:attachment":[{"href":"https:\/\/smyal.org\/es\/wp-json\/wp\/v2\/media?parent=6484"}],"curies":[{"name":"wp","href":"https:\/\/api.w.org\/{rel}","templated":true}]}}

<p style="text-align: center;">La cuarta edición anual de Abogados por SMYAL involucrará a la comunidad legal en todo el área de Washington, DC para conectar esta vibrante red con el esfuerzo de apoyo a los jóvenes LGBTQ. El evento también recaudará fondos vitales en apoyo de nuestros esfuerzos para empoderar a los jóvenes.</p>
<p style="text-align: center;"><strong>Orador invitado especial:<br />
</strong><strong>Pete Williams<br />
</strong><strong>Corresponsal de Justicia Nacional de NBC News</strong></p>
<h4 style="text-align: center;">Únase a nosotros el miércoles 31 de julio de 2019 de 6:30 a 8:30 en Skadden</h4>
