{"id":10793,"date":"2022-02-11T16:42:43","date_gmt":"2022-02-11T21:42:43","guid":{"rendered":"https:\/\/smyal.org\/?post_type=tribe_events&#038;p=10793"},"modified":"2022-02-11T16:42:43","modified_gmt":"2022-02-11T21:42:43","slug":"black-queer-history-week-of-learning-action","status":"publish","type":"tribe_events","link":"https:\/\/smyal.org\/es\/event\/black-queer-history-week-of-learning-action\/","title":{"rendered":"Semana de aprendizaje y acci\u00f3n de la historia afroamericana queer"},"content":{"rendered":"<p><i><span style=\"font-weight: 400;\">\u00a1\u00danase a nosotros durante una semana de aprendizaje y acci\u00f3n sobre la historia queer negra antes y ahora! \u00a1Invita a un amigo y ven a aprender juntos! Los enlaces de zoom o chat para cada programa se pueden encontrar en <\/span><\/i><a href=\"https:\/\/smyal.org\/es\/youth\/\"><i><span style=\"font-weight: 400;\">smyal.org\/j\u00f3venes<\/span><\/i><\/a><i><span style=\"font-weight: 400;\">.<\/span><\/i><\/p>\n<p>&nbsp;<\/p>\n<p><strong><i>\u00a1Cualquiera que asista a m\u00e1s de 2 eventos recibir\u00e1 una copia de una revista realizada por artistas negros!<\/i><\/strong><\/p>\n<p>&nbsp;<\/p>\n<p><b>Martes: Tuber\u00eda de la escuela a la prisi\u00f3n<\/b><\/p>\n<p><b><i>5:00-6:30 pm EST-<\/i><\/b><span style=\"font-weight: 400;\"> Esta es una discusi\u00f3n sobre c\u00f3mo los estudiantes BIPOC, queer y discapacitados son sistem\u00e1ticamente expulsados de las escuelas, \u00a1y qu\u00e9 podemos hacer al respecto! Jugaremos un juego interactivo (El Juego de K12 Life) que nos ayuda a ver c\u00f3mo funciona esto. Luego, discutiremos c\u00f3mo puede iniciar una campa\u00f1a en su escuela y c\u00f3mo puede liderar esta actividad con su GSA, club o clase. Este evento se lleva a cabo en zoom.<\/span><\/p>\n<p>&nbsp;<\/p>\n<p><b>Mi\u00e9rcoles: \u00cdconos negros queer<\/b><span style=\"font-weight: 400;\">\u00a0<\/span><\/p>\n<p><b><i>4:30-6 pm EST-<\/i><\/b><span style=\"font-weight: 400;\"> \u00a1\u00danase a nosotros para una discusi\u00f3n sobre los \u00edconos negros queer en la historia y en la actualidad! Esta discusi\u00f3n se llevar\u00e1 a cabo en qchat, una plataforma de chat para j\u00f3venes queer de entre 13 y 19 a\u00f1os.<\/span><\/p>\n<p>&nbsp;<\/p>\n<p><b>Jueves Imaginando futuros: Noche de creaci\u00f3n de arte<\/b><\/p>\n<p><b><i>5:00-7:00 pm EST-<\/i><\/b><span style=\"font-weight: 400;\"> El 24 de febrero es el D\u00eda de la Justicia Racial de la GSA, \u00a1un d\u00eda para fomentar conversaciones sobre la intersecci\u00f3n de la justicia queer y la justicia racial! El tema de este a\u00f1o es imaginar futuros m\u00e1s all\u00e1 de la opresi\u00f3n. \u00danase a nosotros para hacer arte sobre este tema. Todos los j\u00f3venes de 13 a 24 a\u00f1os son bienvenidos, sean o no parte de una GSA. Este evento se lleva a cabo en Zoom.<\/span><\/p>\n<p>&nbsp;<\/p>\n<p><b>Viernes: Proyecci\u00f3n de Cine del d\u00eda 13<\/b><\/p>\n<p><b><i>5:00-7:00 p.m. EST \u2013<\/i><\/b><i>&#8220;<\/i><span style=\"font-weight: 400;\">13th\u201d es un documental que invita a la reflexi\u00f3n sobre c\u00f3mo la 13\u00aa Enmienda, que aboli\u00f3 formalmente la esclavitud, condujo al encarcelamiento masivo en los Estados Unidos. Conozca c\u00f3mo la historia nos impacta hoy. Veremos la pel\u00edcula y discutiremos sobre ella en Discord.<\/span><\/p>","protected":false},"excerpt":{"rendered":"<p>Join us for a week of learning and action all about black queer history then and now! Invite a friend and come learn together! The zoom or chat links for&hellip; <a class=\"more-link\" href=\"https:\/\/smyal.org\/es\/event\/black-queer-history-week-of-learning-action\/\">seguir leyendo <span class=\"screen-reader-text\">Semana de aprendizaje y acci\u00f3n de la historia afroamericana queer<\/span><\/a><\/p>","protected":false},"author":4,"featured_media":10794,"template":"","meta":{"_exactmetrics_skip_tracking":false,"_exactmetrics_sitenote_active":false,"_exactmetrics_sitenote_note":"","_exactmetrics_sitenote_category":0,"_tribe_events_status":"","_tribe_events_status_reason":"","footnotes":"","_links_to":"","_links_to_target":""},"tags":[],"tribe_events_cat":[10,11],"class_list":["post-10793","tribe_events","type-tribe_events","status-publish","has-post-thumbnail","hentry","tribe_events_cat-virtual-programs","tribe_events_cat-youth-events","cat_virtual-programs","cat_youth-events","entry"],"yoast_head":"<!-- This site is optimized with the Yoast SEO plugin v27.5 - https:\/\/yoast.com\/product\/yoast-seo-wordpress\/ -->\n<title>Black Queer History Week of Learning &amp; Action - SMYAL<\/title>\n<meta name=\"robots\" content=\"index, follow, max-snippet:-1, max-image-preview:large, max-video-preview:-1\" \/>\n<link rel=\"canonical\" href=\"https:\/\/smyal.org\/es\/event\/black-queer-history-week-of-learning-action\/\" \/>\n<meta property=\"og:locale\" content=\"es_MX\" \/>\n<meta property=\"og:type\" content=\"article\" \/>\n<meta property=\"og:title\" content=\"Black Queer History Week of Learning &amp; Action - SMYAL\" \/>\n<meta property=\"og:description\" content=\"Join us for a week of learning and action all about black queer history then and now! Invite a friend and come learn together! The zoom or chat links for&hellip; Seguir leyendo Black Queer History Week of Learning &#038; Action\" \/>\n<meta property=\"og:url\" content=\"https:\/\/smyal.org\/es\/event\/black-queer-history-week-of-learning-action\/\" \/>\n<meta property=\"og:site_name\" content=\"SMYAL\" \/>\n<meta property=\"og:image\" content=\"https:\/\/smyal.org\/wp-content\/uploads\/2022\/02\/Black-Queer-History.png\" \/>\n\t<meta property=\"og:image:width\" content=\"2160\" \/>\n\t<meta property=\"og:image:height\" content=\"1080\" \/>\n\t<meta property=\"og:image:type\" content=\"image\/png\" \/>\n<meta name=\"twitter:card\" content=\"summary_large_image\" \/>\n<meta name=\"twitter:label1\" content=\"Tiempo de lectura\" \/>\n\t<meta name=\"twitter:data1\" content=\"1 minuto\" \/>\n<script type=\"application\/ld+json\" class=\"yoast-schema-graph\">{\"@context\":\"https:\\\/\\\/schema.org\",\"@graph\":[{\"@type\":\"WebPage\",\"@id\":\"https:\\\/\\\/smyal.org\\\/event\\\/black-queer-history-week-of-learning-action\\\/\",\"url\":\"https:\\\/\\\/smyal.org\\\/event\\\/black-queer-history-week-of-learning-action\\\/\",\"name\":\"Black Queer History Week of Learning & Action - SMYAL\",\"isPartOf\":{\"@id\":\"https:\\\/\\\/smyal.org\\\/#website\"},\"primaryImageOfPage\":{\"@id\":\"https:\\\/\\\/smyal.org\\\/event\\\/black-queer-history-week-of-learning-action\\\/#primaryimage\"},\"image\":{\"@id\":\"https:\\\/\\\/smyal.org\\\/event\\\/black-queer-history-week-of-learning-action\\\/#primaryimage\"},\"thumbnailUrl\":\"https:\\\/\\\/smyal.org\\\/wp-content\\\/uploads\\\/2022\\\/02\\\/Black-Queer-History.png\",\"datePublished\":\"2022-02-11T21:42:43+00:00\",\"breadcrumb\":{\"@id\":\"https:\\\/\\\/smyal.org\\\/event\\\/black-queer-history-week-of-learning-action\\\/#breadcrumb\"},\"inLanguage\":\"es\",\"potentialAction\":[{\"@type\":\"ReadAction\",\"target\":[\"https:\\\/\\\/smyal.org\\\/event\\\/black-queer-history-week-of-learning-action\\\/\"]}]},{\"@type\":\"ImageObject\",\"inLanguage\":\"es\",\"@id\":\"https:\\\/\\\/smyal.org\\\/event\\\/black-queer-history-week-of-learning-action\\\/#primaryimage\",\"url\":\"https:\\\/\\\/smyal.org\\\/wp-content\\\/uploads\\\/2022\\\/02\\\/Black-Queer-History.png\",\"contentUrl\":\"https:\\\/\\\/smyal.org\\\/wp-content\\\/uploads\\\/2022\\\/02\\\/Black-Queer-History.png\",\"width\":2160,\"height\":1080},{\"@type\":\"BreadcrumbList\",\"@id\":\"https:\\\/\\\/smyal.org\\\/event\\\/black-queer-history-week-of-learning-action\\\/#breadcrumb\",\"itemListElement\":[{\"@type\":\"ListItem\",\"position\":1,\"name\":\"Home\",\"item\":\"https:\\\/\\\/smyal.org\\\/\"},{\"@type\":\"ListItem\",\"position\":2,\"name\":\"Events\",\"item\":\"https:\\\/\\\/smyal.org\\\/youth-event\\\/\"},{\"@type\":\"ListItem\",\"position\":3,\"name\":\"Black Queer History Week of Learning &#038; Action\"}]},{\"@type\":\"WebSite\",\"@id\":\"https:\\\/\\\/smyal.org\\\/#website\",\"url\":\"https:\\\/\\\/smyal.org\\\/\",\"name\":\"SMYAL\",\"description\":\"\",\"publisher\":{\"@id\":\"https:\\\/\\\/smyal.org\\\/#organization\"},\"potentialAction\":[{\"@type\":\"SearchAction\",\"target\":{\"@type\":\"EntryPoint\",\"urlTemplate\":\"https:\\\/\\\/smyal.org\\\/?s={search_term_string}\"},\"query-input\":{\"@type\":\"PropertyValueSpecification\",\"valueRequired\":true,\"valueName\":\"search_term_string\"}}],\"inLanguage\":\"es\"},{\"@type\":\"Organization\",\"@id\":\"https:\\\/\\\/smyal.org\\\/#organization\",\"name\":\"SMYAL\",\"url\":\"https:\\\/\\\/smyal.org\\\/\",\"logo\":{\"@type\":\"ImageObject\",\"inLanguage\":\"es\",\"@id\":\"https:\\\/\\\/smyal.org\\\/#\\\/schema\\\/logo\\\/image\\\/\",\"url\":\"https:\\\/\\\/smyal.org\\\/wp-content\\\/uploads\\\/2024\\\/06\\\/cropped-SMYAL-Logo-300x300-Transparent-Background.png\",\"contentUrl\":\"https:\\\/\\\/smyal.org\\\/wp-content\\\/uploads\\\/2024\\\/06\\\/cropped-SMYAL-Logo-300x300-Transparent-Background.png\",\"width\":300,\"height\":157,\"caption\":\"SMYAL\"},\"image\":{\"@id\":\"https:\\\/\\\/smyal.org\\\/#\\\/schema\\\/logo\\\/image\\\/\"}}]}<\/script>\n<!-- \/ Yoast SEO plugin. -->","yoast_head_json":{"title":"Black Queer History Week of Learning & Action - SMYAL","robots":{"index":"index","follow":"follow","max-snippet":"max-snippet:-1","max-image-preview":"max-image-preview:large","max-video-preview":"max-video-preview:-1"},"canonical":"https:\/\/smyal.org\/es\/event\/black-queer-history-week-of-learning-action\/","og_locale":"es_MX","og_type":"article","og_title":"Black Queer History Week of Learning & Action - SMYAL","og_description":"Join us for a week of learning and action all about black queer history then and now! Invite a friend and come learn together! The zoom or chat links for&hellip; Seguir leyendo Black Queer History Week of Learning &#038; Action","og_url":"https:\/\/smyal.org\/es\/event\/black-queer-history-week-of-learning-action\/","og_site_name":"SMYAL","og_image":[{"width":2160,"height":1080,"url":"https:\/\/smyal.org\/wp-content\/uploads\/2022\/02\/Black-Queer-History.png","type":"image\/png"}],"twitter_card":"summary_large_image","twitter_misc":{"Tiempo de lectura":"1 minuto"},"schema":{"@context":"https:\/\/schema.org","@graph":[{"@type":"WebPage","@id":"https:\/\/smyal.org\/event\/black-queer-history-week-of-learning-action\/","url":"https:\/\/smyal.org\/event\/black-queer-history-week-of-learning-action\/","name":"Black Queer History Week of Learning & Action - SMYAL","isPartOf":{"@id":"https:\/\/smyal.org\/#website"},"primaryImageOfPage":{"@id":"https:\/\/smyal.org\/event\/black-queer-history-week-of-learning-action\/#primaryimage"},"image":{"@id":"https:\/\/smyal.org\/event\/black-queer-history-week-of-learning-action\/#primaryimage"},"thumbnailUrl":"https:\/\/smyal.org\/wp-content\/uploads\/2022\/02\/Black-Queer-History.png","datePublished":"2022-02-11T21:42:43+00:00","breadcrumb":{"@id":"https:\/\/smyal.org\/event\/black-queer-history-week-of-learning-action\/#breadcrumb"},"inLanguage":"es","potentialAction":[{"@type":"ReadAction","target":["https:\/\/smyal.org\/event\/black-queer-history-week-of-learning-action\/"]}]},{"@type":"ImageObject","inLanguage":"es","@id":"https:\/\/smyal.org\/event\/black-queer-history-week-of-learning-action\/#primaryimage","url":"https:\/\/smyal.org\/wp-content\/uploads\/2022\/02\/Black-Queer-History.png","contentUrl":"https:\/\/smyal.org\/wp-content\/uploads\/2022\/02\/Black-Queer-History.png","width":2160,"height":1080},{"@type":"BreadcrumbList","@id":"https:\/\/smyal.org\/event\/black-queer-history-week-of-learning-action\/#breadcrumb","itemListElement":[{"@type":"ListItem","position":1,"name":"Home","item":"https:\/\/smyal.org\/"},{"@type":"ListItem","position":2,"name":"Events","item":"https:\/\/smyal.org\/youth-event\/"},{"@type":"ListItem","position":3,"name":"Black Queer History Week of Learning &#038; Action"}]},{"@type":"WebSite","@id":"https:\/\/smyal.org\/#website","url":"https:\/\/smyal.org\/","name":"SMYAL","description":"","publisher":{"@id":"https:\/\/smyal.org\/#organization"},"potentialAction":[{"@type":"SearchAction","target":{"@type":"EntryPoint","urlTemplate":"https:\/\/smyal.org\/?s={search_term_string}"},"query-input":{"@type":"PropertyValueSpecification","valueRequired":true,"valueName":"search_term_string"}}],"inLanguage":"es"},{"@type":"Organization","@id":"https:\/\/smyal.org\/#organization","name":"SMYAL","url":"https:\/\/smyal.org\/","logo":{"@type":"ImageObject","inLanguage":"es","@id":"https:\/\/smyal.org\/#\/schema\/logo\/image\/","url":"https:\/\/smyal.org\/wp-content\/uploads\/2024\/06\/cropped-SMYAL-Logo-300x300-Transparent-Background.png","contentUrl":"https:\/\/smyal.org\/wp-content\/uploads\/2024\/06\/cropped-SMYAL-Logo-300x300-Transparent-Background.png","width":300,"height":157,"caption":"SMYAL"},"image":{"@id":"https:\/\/smyal.org\/#\/schema\/logo\/image\/"}}]}},"_links":{"self":[{"href":"https:\/\/smyal.org\/es\/wp-json\/wp\/v2\/tribe_events\/10793","targetHints":{"allow":["GET"]}}],"collection":[{"href":"https:\/\/smyal.org\/es\/wp-json\/wp\/v2\/tribe_events"}],"about":[{"href":"https:\/\/smyal.org\/es\/wp-json\/wp\/v2\/types\/tribe_events"}],"author":[{"embeddable":true,"href":"https:\/\/smyal.org\/es\/wp-json\/wp\/v2\/users\/4"}],"version-history":[{"count":1,"href":"https:\/\/smyal.org\/es\/wp-json\/wp\/v2\/tribe_events\/10793\/revisions"}],"predecessor-version":[{"id":10795,"href":"https:\/\/smyal.org\/es\/wp-json\/wp\/v2\/tribe_events\/10793\/revisions\/10795"}],"wp:featuredmedia":[{"embeddable":true,"href":"https:\/\/smyal.org\/es\/wp-json\/wp\/v2\/media\/10794"}],"wp:attachment":[{"href":"https:\/\/smyal.org\/es\/wp-json\/wp\/v2\/media?parent=10793"}],"wp:term":[{"taxonomy":"post_tag","embeddable":true,"href":"https:\/\/smyal.org\/es\/wp-json\/wp\/v2\/tags?post=10793"},{"taxonomy":"tribe_events_cat","embeddable":true,"href":"https:\/\/smyal.org\/es\/wp-json\/wp\/v2\/tribe_events_cat?post=10793"}],"curies":[{"name":"wp","href":"https:\/\/api.w.org\/{rel}","templated":true}]}}

Semana de aprendizaje y acción de la historia afroamericana queer

<p><i><span style="font-weight: 400;">¡Únase a nosotros durante una semana de aprendizaje y acción sobre la historia queer negra antes y ahora! ¡Invita a un amigo y ven a aprender juntos! Los enlaces de zoom o chat para cada programa se pueden encontrar en </span></i><a href="https://smyal.org/es/youth/"><i><span style="font-weight: 400;">smyal.org/jóvenes</span></i></a><i><span style="font-weight: 400;">.</span></i></p>
<p>&nbsp;</p>
<p><strong><i>¡Cualquiera que asista a más de 2 eventos recibirá una copia de una revista realizada por artistas negros!</i></strong></p>
<p>&nbsp;</p>
<p><b>Martes: Tubería de la escuela a la prisión</b></p>
<p><b><i>5:00-6:30 pm EST-</i></b><span style="font-weight: 400;"> Esta es una discusión sobre cómo los estudiantes BIPOC, queer y discapacitados son sistemáticamente expulsados de las escuelas, ¡y qué podemos hacer al respecto! Jugaremos un juego interactivo (El Juego de K12 Life) que nos ayuda a ver cómo funciona esto. Luego, discutiremos cómo puede iniciar una campaña en su escuela y cómo puede liderar esta actividad con su GSA, club o clase. Este evento se lleva a cabo en zoom.</span></p>
<p>&nbsp;</p>
<p><b>Miércoles: Íconos negros queer</b><span style="font-weight: 400;"> </span></p>
<p><b><i>4:30-6 pm EST-</i></b><span style="font-weight: 400;"> ¡Únase a nosotros para una discusión sobre los íconos negros queer en la historia y en la actualidad! Esta discusión se llevará a cabo en qchat, una plataforma de chat para jóvenes queer de entre 13 y 19 años.</span></p>
<p>&nbsp;</p>
<p><b>Jueves Imaginando futuros: Noche de creación de arte</b></p>
<p><b><i>5:00-7:00 pm EST-</i></b><span style="font-weight: 400;"> El 24 de febrero es el Día de la Justicia Racial de la GSA, ¡un día para fomentar conversaciones sobre la intersección de la justicia queer y la justicia racial! El tema de este año es imaginar futuros más allá de la opresión. Únase a nosotros para hacer arte sobre este tema. Todos los jóvenes de 13 a 24 años son bienvenidos, sean o no parte de una GSA. Este evento se lleva a cabo en Zoom.</span></p>
<p>&nbsp;</p>
<p><b>Viernes: Proyección de Cine del día 13</b></p>
<p><b><i>5:00-7:00 p.m. EST –</i></b><i>&#8220;</i><span style="font-weight: 400;">13th” es un documental que invita a la reflexión sobre cómo la 13ª Enmienda, que abolió formalmente la esclavitud, condujo al encarcelamiento masivo en los Estados Unidos. Conozca cómo la historia nos impacta hoy. Veremos la película y discutiremos sobre ella en Discord.</span></p>

<p>Join us for a week of learning and action all about black queer history then and now! Invite a friend and come learn together! The zoom or chat links for&hellip; <a class="more-link" href="https://smyal.org/es/event/black-queer-history-week-of-learning-action/">seguir leyendo <span class="screen-reader-text">Semana de aprendizaje y acción de la historia afroamericana queer</span></a></p>
