{"id":9328,"date":"2021-06-02T18:13:06","date_gmt":"2021-06-02T22:13:06","guid":{"rendered":"https:\/\/smyal.org\/?post_type=tribe_events&#038;p=9328"},"modified":"2021-06-11T12:08:16","modified_gmt":"2021-06-11T16:08:16","slug":"sexual-freedom-summit-the-storm","status":"publish","type":"tribe_events","link":"https:\/\/smyal.org\/es\/event\/sexual-freedom-summit-the-storm\/","title":{"rendered":"La incubadora de identidades: tomarse el tiempo para reflexionar durante la pandemia"},"content":{"rendered":"<p>\u00danase a los fundadores de The STORM SF para una conversaci\u00f3n importante y de ritmo r\u00e1pido sobre c\u00f3mo ayudar a los j\u00f3venes a tener \u00e9xito profesional, personal y acad\u00e9mico. Despu\u00e9s de conectarse a trav\u00e9s de un mentor en medio de la pandemia, se cre\u00f3 STORM SF para aliviar la desigualdad de recursos en nuestras escuelas y vecindarios. A trav\u00e9s de nuestra Incubadora de Identidad, los estudiantes podr\u00e1n conectarse a s\u00ed mismos mediante la priorizaci\u00f3n de tareas, la alineaci\u00f3n de valores y el desarrollo personal.<\/p>\n<p>Tenga en cuenta que este programa es para j\u00f3venes de 13 a 19 a\u00f1os.<\/p>","protected":false},"excerpt":{"rendered":"<p>Join the founders of The STORM SF for a fast-paced, important conversation about helping youth succeed professionally, personally, and academically.\u00a0After connecting through a mentor in the midst of the pandemic,&hellip; <a class=\"more-link\" href=\"https:\/\/smyal.org\/es\/event\/sexual-freedom-summit-the-storm\/\">seguir leyendo <span class=\"screen-reader-text\">La incubadora de identidades: tomarse el tiempo para reflexionar durante la pandemia<\/span><\/a><\/p>","protected":false},"author":4,"featured_media":9431,"template":"","meta":{"_exactmetrics_skip_tracking":false,"_exactmetrics_sitenote_active":false,"_exactmetrics_sitenote_note":"","_exactmetrics_sitenote_category":0,"_tribe_events_status":"","_tribe_events_status_reason":"","footnotes":"","_links_to":"","_links_to_target":""},"tags":[],"tribe_events_cat":[10,11],"class_list":["post-9328","tribe_events","type-tribe_events","status-publish","has-post-thumbnail","hentry","tribe_events_cat-virtual-programs","tribe_events_cat-youth-events","cat_virtual-programs","cat_youth-events","entry"],"yoast_head":"<!-- This site is optimized with the Yoast SEO plugin v27.4 - https:\/\/yoast.com\/product\/yoast-seo-wordpress\/ -->\n<title>The Identity Incubator: Taking Time To Reflect During the Pandemic - SMYAL<\/title>\n<meta name=\"robots\" content=\"index, follow, max-snippet:-1, max-image-preview:large, max-video-preview:-1\" \/>\n<link rel=\"canonical\" href=\"https:\/\/smyal.org\/es\/event\/sexual-freedom-summit-the-storm\/\" \/>\n<meta property=\"og:locale\" content=\"es_MX\" \/>\n<meta property=\"og:type\" content=\"article\" \/>\n<meta property=\"og:title\" content=\"The Identity Incubator: Taking Time To Reflect During the Pandemic - SMYAL\" \/>\n<meta property=\"og:description\" content=\"Join the founders of The STORM SF for a fast-paced, important conversation about helping youth succeed professionally, personally, and academically.\u00a0After connecting through a mentor in the midst of the pandemic,&hellip; Seguir leyendo The Identity Incubator: Taking Time To Reflect During the Pandemic\" \/>\n<meta property=\"og:url\" content=\"https:\/\/smyal.org\/es\/event\/sexual-freedom-summit-the-storm\/\" \/>\n<meta property=\"og:site_name\" content=\"SMYAL\" \/>\n<meta property=\"article:modified_time\" content=\"2021-06-11T16:08:16+00:00\" \/>\n<meta property=\"og:image\" content=\"https:\/\/smyal.org\/wp-content\/uploads\/2021\/06\/SFS21-Storm-1080x1080-1.jpeg\" \/>\n\t<meta property=\"og:image:width\" content=\"480\" \/>\n\t<meta property=\"og:image:height\" content=\"480\" \/>\n\t<meta property=\"og:image:type\" content=\"image\/jpeg\" \/>\n<meta name=\"twitter:card\" content=\"summary_large_image\" \/>\n<meta name=\"twitter:label1\" content=\"Tiempo de lectura\" \/>\n\t<meta name=\"twitter:data1\" content=\"1 minuto\" \/>\n<script type=\"application\/ld+json\" class=\"yoast-schema-graph\">{\"@context\":\"https:\\\/\\\/schema.org\",\"@graph\":[{\"@type\":\"WebPage\",\"@id\":\"https:\\\/\\\/smyal.org\\\/event\\\/sexual-freedom-summit-the-storm\\\/\",\"url\":\"https:\\\/\\\/smyal.org\\\/event\\\/sexual-freedom-summit-the-storm\\\/\",\"name\":\"The Identity Incubator: Taking Time To Reflect During the Pandemic - SMYAL\",\"isPartOf\":{\"@id\":\"https:\\\/\\\/smyal.org\\\/#website\"},\"primaryImageOfPage\":{\"@id\":\"https:\\\/\\\/smyal.org\\\/event\\\/sexual-freedom-summit-the-storm\\\/#primaryimage\"},\"image\":{\"@id\":\"https:\\\/\\\/smyal.org\\\/event\\\/sexual-freedom-summit-the-storm\\\/#primaryimage\"},\"thumbnailUrl\":\"https:\\\/\\\/smyal.org\\\/wp-content\\\/uploads\\\/2021\\\/06\\\/SFS21-Storm-1080x1080-1.jpeg\",\"datePublished\":\"2021-06-02T22:13:06+00:00\",\"dateModified\":\"2021-06-11T16:08:16+00:00\",\"breadcrumb\":{\"@id\":\"https:\\\/\\\/smyal.org\\\/event\\\/sexual-freedom-summit-the-storm\\\/#breadcrumb\"},\"inLanguage\":\"es\",\"potentialAction\":[{\"@type\":\"ReadAction\",\"target\":[\"https:\\\/\\\/smyal.org\\\/event\\\/sexual-freedom-summit-the-storm\\\/\"]}]},{\"@type\":\"ImageObject\",\"inLanguage\":\"es\",\"@id\":\"https:\\\/\\\/smyal.org\\\/event\\\/sexual-freedom-summit-the-storm\\\/#primaryimage\",\"url\":\"https:\\\/\\\/smyal.org\\\/wp-content\\\/uploads\\\/2021\\\/06\\\/SFS21-Storm-1080x1080-1.jpeg\",\"contentUrl\":\"https:\\\/\\\/smyal.org\\\/wp-content\\\/uploads\\\/2021\\\/06\\\/SFS21-Storm-1080x1080-1.jpeg\",\"width\":480,\"height\":480},{\"@type\":\"BreadcrumbList\",\"@id\":\"https:\\\/\\\/smyal.org\\\/event\\\/sexual-freedom-summit-the-storm\\\/#breadcrumb\",\"itemListElement\":[{\"@type\":\"ListItem\",\"position\":1,\"name\":\"Home\",\"item\":\"https:\\\/\\\/smyal.org\\\/\"},{\"@type\":\"ListItem\",\"position\":2,\"name\":\"Events\",\"item\":\"https:\\\/\\\/smyal.org\\\/youth-event\\\/\"},{\"@type\":\"ListItem\",\"position\":3,\"name\":\"The Identity Incubator: Taking Time To Reflect During the Pandemic\"}]},{\"@type\":\"WebSite\",\"@id\":\"https:\\\/\\\/smyal.org\\\/#website\",\"url\":\"https:\\\/\\\/smyal.org\\\/\",\"name\":\"SMYAL\",\"description\":\"\",\"publisher\":{\"@id\":\"https:\\\/\\\/smyal.org\\\/#organization\"},\"potentialAction\":[{\"@type\":\"SearchAction\",\"target\":{\"@type\":\"EntryPoint\",\"urlTemplate\":\"https:\\\/\\\/smyal.org\\\/?s={search_term_string}\"},\"query-input\":{\"@type\":\"PropertyValueSpecification\",\"valueRequired\":true,\"valueName\":\"search_term_string\"}}],\"inLanguage\":\"es\"},{\"@type\":\"Organization\",\"@id\":\"https:\\\/\\\/smyal.org\\\/#organization\",\"name\":\"SMYAL\",\"url\":\"https:\\\/\\\/smyal.org\\\/\",\"logo\":{\"@type\":\"ImageObject\",\"inLanguage\":\"es\",\"@id\":\"https:\\\/\\\/smyal.org\\\/#\\\/schema\\\/logo\\\/image\\\/\",\"url\":\"https:\\\/\\\/smyal.org\\\/wp-content\\\/uploads\\\/2024\\\/06\\\/cropped-SMYAL-Logo-300x300-Transparent-Background.png\",\"contentUrl\":\"https:\\\/\\\/smyal.org\\\/wp-content\\\/uploads\\\/2024\\\/06\\\/cropped-SMYAL-Logo-300x300-Transparent-Background.png\",\"width\":300,\"height\":157,\"caption\":\"SMYAL\"},\"image\":{\"@id\":\"https:\\\/\\\/smyal.org\\\/#\\\/schema\\\/logo\\\/image\\\/\"}}]}<\/script>\n<!-- \/ Yoast SEO plugin. -->","yoast_head_json":{"title":"The Identity Incubator: Taking Time To Reflect During the Pandemic - SMYAL","robots":{"index":"index","follow":"follow","max-snippet":"max-snippet:-1","max-image-preview":"max-image-preview:large","max-video-preview":"max-video-preview:-1"},"canonical":"https:\/\/smyal.org\/es\/event\/sexual-freedom-summit-the-storm\/","og_locale":"es_MX","og_type":"article","og_title":"The Identity Incubator: Taking Time To Reflect During the Pandemic - SMYAL","og_description":"Join the founders of The STORM SF for a fast-paced, important conversation about helping youth succeed professionally, personally, and academically.\u00a0After connecting through a mentor in the midst of the pandemic,&hellip; Seguir leyendo The Identity Incubator: Taking Time To Reflect During the Pandemic","og_url":"https:\/\/smyal.org\/es\/event\/sexual-freedom-summit-the-storm\/","og_site_name":"SMYAL","article_modified_time":"2021-06-11T16:08:16+00:00","og_image":[{"width":480,"height":480,"url":"https:\/\/smyal.org\/wp-content\/uploads\/2021\/06\/SFS21-Storm-1080x1080-1.jpeg","type":"image\/jpeg"}],"twitter_card":"summary_large_image","twitter_misc":{"Tiempo de lectura":"1 minuto"},"schema":{"@context":"https:\/\/schema.org","@graph":[{"@type":"WebPage","@id":"https:\/\/smyal.org\/event\/sexual-freedom-summit-the-storm\/","url":"https:\/\/smyal.org\/event\/sexual-freedom-summit-the-storm\/","name":"The Identity Incubator: Taking Time To Reflect During the Pandemic - SMYAL","isPartOf":{"@id":"https:\/\/smyal.org\/#website"},"primaryImageOfPage":{"@id":"https:\/\/smyal.org\/event\/sexual-freedom-summit-the-storm\/#primaryimage"},"image":{"@id":"https:\/\/smyal.org\/event\/sexual-freedom-summit-the-storm\/#primaryimage"},"thumbnailUrl":"https:\/\/smyal.org\/wp-content\/uploads\/2021\/06\/SFS21-Storm-1080x1080-1.jpeg","datePublished":"2021-06-02T22:13:06+00:00","dateModified":"2021-06-11T16:08:16+00:00","breadcrumb":{"@id":"https:\/\/smyal.org\/event\/sexual-freedom-summit-the-storm\/#breadcrumb"},"inLanguage":"es","potentialAction":[{"@type":"ReadAction","target":["https:\/\/smyal.org\/event\/sexual-freedom-summit-the-storm\/"]}]},{"@type":"ImageObject","inLanguage":"es","@id":"https:\/\/smyal.org\/event\/sexual-freedom-summit-the-storm\/#primaryimage","url":"https:\/\/smyal.org\/wp-content\/uploads\/2021\/06\/SFS21-Storm-1080x1080-1.jpeg","contentUrl":"https:\/\/smyal.org\/wp-content\/uploads\/2021\/06\/SFS21-Storm-1080x1080-1.jpeg","width":480,"height":480},{"@type":"BreadcrumbList","@id":"https:\/\/smyal.org\/event\/sexual-freedom-summit-the-storm\/#breadcrumb","itemListElement":[{"@type":"ListItem","position":1,"name":"Home","item":"https:\/\/smyal.org\/"},{"@type":"ListItem","position":2,"name":"Events","item":"https:\/\/smyal.org\/youth-event\/"},{"@type":"ListItem","position":3,"name":"The Identity Incubator: Taking Time To Reflect During the Pandemic"}]},{"@type":"WebSite","@id":"https:\/\/smyal.org\/#website","url":"https:\/\/smyal.org\/","name":"SMYAL","description":"","publisher":{"@id":"https:\/\/smyal.org\/#organization"},"potentialAction":[{"@type":"SearchAction","target":{"@type":"EntryPoint","urlTemplate":"https:\/\/smyal.org\/?s={search_term_string}"},"query-input":{"@type":"PropertyValueSpecification","valueRequired":true,"valueName":"search_term_string"}}],"inLanguage":"es"},{"@type":"Organization","@id":"https:\/\/smyal.org\/#organization","name":"SMYAL","url":"https:\/\/smyal.org\/","logo":{"@type":"ImageObject","inLanguage":"es","@id":"https:\/\/smyal.org\/#\/schema\/logo\/image\/","url":"https:\/\/smyal.org\/wp-content\/uploads\/2024\/06\/cropped-SMYAL-Logo-300x300-Transparent-Background.png","contentUrl":"https:\/\/smyal.org\/wp-content\/uploads\/2024\/06\/cropped-SMYAL-Logo-300x300-Transparent-Background.png","width":300,"height":157,"caption":"SMYAL"},"image":{"@id":"https:\/\/smyal.org\/#\/schema\/logo\/image\/"}}]}},"_links":{"self":[{"href":"https:\/\/smyal.org\/es\/wp-json\/wp\/v2\/tribe_events\/9328","targetHints":{"allow":["GET"]}}],"collection":[{"href":"https:\/\/smyal.org\/es\/wp-json\/wp\/v2\/tribe_events"}],"about":[{"href":"https:\/\/smyal.org\/es\/wp-json\/wp\/v2\/types\/tribe_events"}],"author":[{"embeddable":true,"href":"https:\/\/smyal.org\/es\/wp-json\/wp\/v2\/users\/4"}],"version-history":[{"count":3,"href":"https:\/\/smyal.org\/es\/wp-json\/wp\/v2\/tribe_events\/9328\/revisions"}],"predecessor-version":[{"id":9432,"href":"https:\/\/smyal.org\/es\/wp-json\/wp\/v2\/tribe_events\/9328\/revisions\/9432"}],"wp:featuredmedia":[{"embeddable":true,"href":"https:\/\/smyal.org\/es\/wp-json\/wp\/v2\/media\/9431"}],"wp:attachment":[{"href":"https:\/\/smyal.org\/es\/wp-json\/wp\/v2\/media?parent=9328"}],"wp:term":[{"taxonomy":"post_tag","embeddable":true,"href":"https:\/\/smyal.org\/es\/wp-json\/wp\/v2\/tags?post=9328"},{"taxonomy":"tribe_events_cat","embeddable":true,"href":"https:\/\/smyal.org\/es\/wp-json\/wp\/v2\/tribe_events_cat?post=9328"}],"curies":[{"name":"wp","href":"https:\/\/api.w.org\/{rel}","templated":true}]}}

<p>Únase a los fundadores de The STORM SF para una conversación importante y de ritmo rápido sobre cómo ayudar a los jóvenes a tener éxito profesional, personal y académico. Después de conectarse a través de un mentor en medio de la pandemia, se creó STORM SF para aliviar la desigualdad de recursos en nuestras escuelas y vecindarios. A través de nuestra Incubadora de Identidad, los estudiantes podrán conectarse a sí mismos mediante la priorización de tareas, la alineación de valores y el desarrollo personal.</p>
<p>Tenga en cuenta que este programa es para jóvenes de 13 a 19 años.</p>
