{"id":2925,"date":"2020-06-15T20:56:49","date_gmt":"2020-06-15T20:56:49","guid":{"rendered":"https:\/\/smyal.org\/?post_type=conf_workshop&amp;p=2925"},"modified":"2020-06-15T20:56:49","modified_gmt":"2020-06-15T20:56:49","slug":"arts-activism-visual-change-strategic-expression","status":"publish","type":"conf_workshop","link":"https:\/\/smyal.org\/es\/workshops\/arts-activism-visual-change-strategic-expression\/","title":{"rendered":"Artes\/Activismo: cambio visual y expresi\u00f3n estrat\u00e9gica"},"content":{"rendered":"<p><span style=\"font-weight: 400;\">Los espacios de organizaci\u00f3n, especialmente aquellos que est\u00e1n centrados e impulsados por los j\u00f3venes, a menudo hablan de la necesidad de utilizar el arte como activismo. El arte tiene el poder de construir puentes entre diferencias, curar traumas y fortalecer a las comunidades en la lucha por la equidad y la justicia; el arte tiene el poder de convertirse en el s\u00edmbolo de una revoluci\u00f3n. Sin embargo, para crear este tipo de movimiento art\u00edstico simb\u00f3lico, se necesita cierta planificaci\u00f3n estrat\u00e9gica para los j\u00f3venes marginados. Los participantes aprender\u00e1n c\u00f3mo identificar sus objetivos (art\u00edsticos y de todo el movimiento), encontrar su audiencia y elegir el medio m\u00e1s impactante. No es necesaria experiencia art\u00edstica previa.<\/span><\/p>","protected":false},"featured_media":0,"template":"","meta":{"_exactmetrics_skip_tracking":false,"_exactmetrics_sitenote_active":false,"_exactmetrics_sitenote_note":"","_exactmetrics_sitenote_category":0,"_links_to":"","_links_to_target":""},"conf_sessions":[66],"conf_streams":[31],"conf_areas":[],"class_list":["post-2925","conf_workshop","type-conf_workshop","status-publish","hentry","conf_sessions-july-19th-415-pm","conf_streams-all","entry"],"yoast_head":"<!-- This site is optimized with the Yoast SEO plugin v27.5 - https:\/\/yoast.com\/product\/yoast-seo-wordpress\/ -->\n<title>Arts\/Activism: Visual Change &amp; Strategic Expression - SMYAL<\/title>\n<meta name=\"robots\" content=\"index, follow, max-snippet:-1, max-image-preview:large, max-video-preview:-1\" \/>\n<link rel=\"canonical\" href=\"https:\/\/smyal.org\/es\/workshops\/arts-activism-visual-change-strategic-expression\/\" \/>\n<meta property=\"og:locale\" content=\"es_MX\" \/>\n<meta property=\"og:type\" content=\"article\" \/>\n<meta property=\"og:title\" content=\"Arts\/Activism: Visual Change &amp; Strategic Expression - SMYAL\" \/>\n<meta property=\"og:description\" content=\"Organizing spaces \u2014 especially those that are youth-centered and youth-driven \u2014 often talk about the need to use art as activism. Art has the power to build bridges across differences,&hellip; Seguir leyendo Arts\/Activism: Visual Change &#038; Strategic Expression\" \/>\n<meta property=\"og:url\" content=\"https:\/\/smyal.org\/es\/workshops\/arts-activism-visual-change-strategic-expression\/\" \/>\n<meta property=\"og:site_name\" content=\"SMYAL\" \/>\n<meta name=\"twitter:card\" content=\"summary_large_image\" \/>\n<script type=\"application\/ld+json\" class=\"yoast-schema-graph\">{\"@context\":\"https:\\\/\\\/schema.org\",\"@graph\":[{\"@type\":\"WebPage\",\"@id\":\"https:\\\/\\\/smyal.org\\\/workshops\\\/arts-activism-visual-change-strategic-expression\\\/\",\"url\":\"https:\\\/\\\/smyal.org\\\/workshops\\\/arts-activism-visual-change-strategic-expression\\\/\",\"name\":\"Arts\\\/Activism: Visual Change & Strategic Expression - SMYAL\",\"isPartOf\":{\"@id\":\"https:\\\/\\\/smyal.org\\\/#website\"},\"datePublished\":\"2020-06-15T20:56:49+00:00\",\"breadcrumb\":{\"@id\":\"https:\\\/\\\/smyal.org\\\/workshops\\\/arts-activism-visual-change-strategic-expression\\\/#breadcrumb\"},\"inLanguage\":\"es\",\"potentialAction\":[{\"@type\":\"ReadAction\",\"target\":[\"https:\\\/\\\/smyal.org\\\/workshops\\\/arts-activism-visual-change-strategic-expression\\\/\"]}]},{\"@type\":\"BreadcrumbList\",\"@id\":\"https:\\\/\\\/smyal.org\\\/workshops\\\/arts-activism-visual-change-strategic-expression\\\/#breadcrumb\",\"itemListElement\":[{\"@type\":\"ListItem\",\"position\":1,\"name\":\"Home\",\"item\":\"https:\\\/\\\/smyal.org\\\/\"},{\"@type\":\"ListItem\",\"position\":2,\"name\":\"Arts\\\/Activism: Visual Change &#038; Strategic Expression\"}]},{\"@type\":\"WebSite\",\"@id\":\"https:\\\/\\\/smyal.org\\\/#website\",\"url\":\"https:\\\/\\\/smyal.org\\\/\",\"name\":\"SMYAL\",\"description\":\"\",\"publisher\":{\"@id\":\"https:\\\/\\\/smyal.org\\\/#organization\"},\"potentialAction\":[{\"@type\":\"SearchAction\",\"target\":{\"@type\":\"EntryPoint\",\"urlTemplate\":\"https:\\\/\\\/smyal.org\\\/?s={search_term_string}\"},\"query-input\":{\"@type\":\"PropertyValueSpecification\",\"valueRequired\":true,\"valueName\":\"search_term_string\"}}],\"inLanguage\":\"es\"},{\"@type\":\"Organization\",\"@id\":\"https:\\\/\\\/smyal.org\\\/#organization\",\"name\":\"SMYAL\",\"url\":\"https:\\\/\\\/smyal.org\\\/\",\"logo\":{\"@type\":\"ImageObject\",\"inLanguage\":\"es\",\"@id\":\"https:\\\/\\\/smyal.org\\\/#\\\/schema\\\/logo\\\/image\\\/\",\"url\":\"https:\\\/\\\/smyal.org\\\/wp-content\\\/uploads\\\/2024\\\/06\\\/cropped-SMYAL-Logo-300x300-Transparent-Background.png\",\"contentUrl\":\"https:\\\/\\\/smyal.org\\\/wp-content\\\/uploads\\\/2024\\\/06\\\/cropped-SMYAL-Logo-300x300-Transparent-Background.png\",\"width\":300,\"height\":157,\"caption\":\"SMYAL\"},\"image\":{\"@id\":\"https:\\\/\\\/smyal.org\\\/#\\\/schema\\\/logo\\\/image\\\/\"}}]}<\/script>\n<!-- \/ Yoast SEO plugin. -->","yoast_head_json":{"title":"Arts\/Activism: Visual Change & Strategic Expression - SMYAL","robots":{"index":"index","follow":"follow","max-snippet":"max-snippet:-1","max-image-preview":"max-image-preview:large","max-video-preview":"max-video-preview:-1"},"canonical":"https:\/\/smyal.org\/es\/workshops\/arts-activism-visual-change-strategic-expression\/","og_locale":"es_MX","og_type":"article","og_title":"Arts\/Activism: Visual Change & Strategic Expression - SMYAL","og_description":"Organizing spaces \u2014 especially those that are youth-centered and youth-driven \u2014 often talk about the need to use art as activism. Art has the power to build bridges across differences,&hellip; Seguir leyendo Arts\/Activism: Visual Change &#038; Strategic Expression","og_url":"https:\/\/smyal.org\/es\/workshops\/arts-activism-visual-change-strategic-expression\/","og_site_name":"SMYAL","twitter_card":"summary_large_image","schema":{"@context":"https:\/\/schema.org","@graph":[{"@type":"WebPage","@id":"https:\/\/smyal.org\/workshops\/arts-activism-visual-change-strategic-expression\/","url":"https:\/\/smyal.org\/workshops\/arts-activism-visual-change-strategic-expression\/","name":"Arts\/Activism: Visual Change & Strategic Expression - SMYAL","isPartOf":{"@id":"https:\/\/smyal.org\/#website"},"datePublished":"2020-06-15T20:56:49+00:00","breadcrumb":{"@id":"https:\/\/smyal.org\/workshops\/arts-activism-visual-change-strategic-expression\/#breadcrumb"},"inLanguage":"es","potentialAction":[{"@type":"ReadAction","target":["https:\/\/smyal.org\/workshops\/arts-activism-visual-change-strategic-expression\/"]}]},{"@type":"BreadcrumbList","@id":"https:\/\/smyal.org\/workshops\/arts-activism-visual-change-strategic-expression\/#breadcrumb","itemListElement":[{"@type":"ListItem","position":1,"name":"Home","item":"https:\/\/smyal.org\/"},{"@type":"ListItem","position":2,"name":"Arts\/Activism: Visual Change &#038; Strategic Expression"}]},{"@type":"WebSite","@id":"https:\/\/smyal.org\/#website","url":"https:\/\/smyal.org\/","name":"SMYAL","description":"","publisher":{"@id":"https:\/\/smyal.org\/#organization"},"potentialAction":[{"@type":"SearchAction","target":{"@type":"EntryPoint","urlTemplate":"https:\/\/smyal.org\/?s={search_term_string}"},"query-input":{"@type":"PropertyValueSpecification","valueRequired":true,"valueName":"search_term_string"}}],"inLanguage":"es"},{"@type":"Organization","@id":"https:\/\/smyal.org\/#organization","name":"SMYAL","url":"https:\/\/smyal.org\/","logo":{"@type":"ImageObject","inLanguage":"es","@id":"https:\/\/smyal.org\/#\/schema\/logo\/image\/","url":"https:\/\/smyal.org\/wp-content\/uploads\/2024\/06\/cropped-SMYAL-Logo-300x300-Transparent-Background.png","contentUrl":"https:\/\/smyal.org\/wp-content\/uploads\/2024\/06\/cropped-SMYAL-Logo-300x300-Transparent-Background.png","width":300,"height":157,"caption":"SMYAL"},"image":{"@id":"https:\/\/smyal.org\/#\/schema\/logo\/image\/"}}]}},"_links":{"self":[{"href":"https:\/\/smyal.org\/es\/wp-json\/wp\/v2\/workshops\/2925","targetHints":{"allow":["GET"]}}],"collection":[{"href":"https:\/\/smyal.org\/es\/wp-json\/wp\/v2\/workshops"}],"about":[{"href":"https:\/\/smyal.org\/es\/wp-json\/wp\/v2\/types\/conf_workshop"}],"wp:attachment":[{"href":"https:\/\/smyal.org\/es\/wp-json\/wp\/v2\/media?parent=2925"}],"wp:term":[{"taxonomy":"conf_sessions","embeddable":true,"href":"https:\/\/smyal.org\/es\/wp-json\/wp\/v2\/conf_sessions?post=2925"},{"taxonomy":"conf_streams","embeddable":true,"href":"https:\/\/smyal.org\/es\/wp-json\/wp\/v2\/conf_streams?post=2925"},{"taxonomy":"conf_areas","embeddable":true,"href":"https:\/\/smyal.org\/es\/wp-json\/wp\/v2\/conf_areas?post=2925"}],"curies":[{"name":"wp","href":"https:\/\/api.w.org\/{rel}","templated":true}]}}

Artes/Activismo: cambio visual y expresión estratégica

<p><span style="font-weight: 400;">Los espacios de organización, especialmente aquellos que están centrados e impulsados por los jóvenes, a menudo hablan de la necesidad de utilizar el arte como activismo. El arte tiene el poder de construir puentes entre diferencias, curar traumas y fortalecer a las comunidades en la lucha por la equidad y la justicia; el arte tiene el poder de convertirse en el símbolo de una revolución. Sin embargo, para crear este tipo de movimiento artístico simbólico, se necesita cierta planificación estratégica para los jóvenes marginados. Los participantes aprenderán cómo identificar sus objetivos (artísticos y de todo el movimiento), encontrar su audiencia y elegir el medio más impactante. No es necesaria experiencia artística previa.</span></p>
